ommon divisor of w and 10.
2
Suppose 4*s + 92 = -4*h + 2*h, -3*h = s + 143. Let r = -29 - h. Let w = -7 + r. Calculate the highest common divisor of w and 60.
12
Suppose -51 = -6*h + 9. Calculate the greatest common divisor of 4 and h.
2
Suppose -3*q - q = 5*a, q - a = 9. Calculate the greatest common factor of 95 and q.
5
Let n(o) = -2*o + 19. Let l be n(9). What is the highest common factor of 1 and l?
1
Let p(f) = -f**3 + 8*f**2 - 8. Let u be p(7). Suppose -c + u + 113 = 0. What is the greatest common divisor of 14 and c?
14
Suppose -5*q = -41 + 16. Let t be 0 + (-2 + 2 - -2). Calculate the highest common factor of q and t.
1
Let x = 34 + -8. Suppose 3*k = -o - 1, 0*o - 4*o + x = -3*k. Calculate the greatest common factor of 5 and o.
5
Suppose 15 = 3*r + 6. Suppose -2*c + 17 = r*t - 37, 5*c - 135 = 4*t. Suppose -h = 2*h - c. Calculate the highest common divisor of 99 and h.
9
Let q(g) = -g - 14. Let r be q(-6). Let o = r - -16. Suppose -24 = -2*f - 2*y, -3*f = -o*f - 3*y + 56. What is the highest common factor of 80 and f?
10
Suppose 4*s + 4*i = -12, -4*s - 32 = -4*i - 4. Let v be (-40)/6*18/s. What is the highest common factor of v and 8?
8
Let x be (8 + 4)*(-3)/9. Let k be x/(-8)*24/3. Let i(d) = d**2 + 3*d - 2. Let t be i(2). What is the highest common factor of k and t?
4
Suppose 2*j - 1 = 5, 0 = -2*p - 5*j + 19. Calculate the greatest common divisor of 4 and p.
2
Let o be 1/2*(290 - 0/4). What is the highest common divisor of 58 and o?
29
Suppose -4*a - 5*b = -19, 6 = 4*a + 2*b - 4. Let i(w) = 2*w + 0 - 3 + 4 + 59*w**2 - 2. Let k be i(a). Calculate the highest common divisor of k and 24.
12
Let d be (-6 + 4)*-1 - -2. Suppose -2*s + 12 = -20. Calculate the greatest common divisor of s and d.
4
Suppose 2*y + y = 0. Let s(f) = 5*f. Let i be s(1). Suppose 2*r - o + 133 = 5*r, y = i*o + 10. Calculate the greatest common factor of 9 and r.
9
Suppose -h = -40 - 0. Calculate the highest common divisor of h and 20.
20
Suppose 0 = -2*q - 2*q - 8. Let z(i) = -3*i - 2. Let j be z(q). Suppose s = 2*d + 23, -4*s - j*d + 7*d = -72. What is the highest common divisor of s and 60?
15
Suppose 4*s + 94 = 4*i + 10, -i = s - 27. Calculate the greatest common divisor of i and 3.
3
Let q be (-4)/(-2)*(-245)/(-14). What is the greatest common divisor of 14 and q?
7
Suppose 0*s + 3*s - 2*w - 186 = 0, 12 = 4*w. Suppose 5*k = -16 + 6. Let n = 10 + k. Calculate the highest common divisor of s and n.
8
Suppose 3*d = 5*y - 20 - 26, 2*d = 3*y - 32. Let w = -12 - d. Let i be 20/9 + (-6)/27. What is the greatest common factor of i and w?
2
Suppose -4*c + 3*c = 0. Suppose 5*v - 265 = -4*m + 48, -m + 5*v + 47 = c. Let a(k) = k. Let q be a(8). Calculate the highest common divisor of m and q.
8
Let g(w) = -w**2 - 2*w + 4. Let h be g(-3). Let q = -2 + 4. What is the highest common divisor of q and h?
1
Let w = 73 - 45. Calculate the greatest common divisor of w and 4.
4
Suppose -s = 2*j - 256, -s + 1024 = 3*s - 5*j. Calculate the highest common divisor of 16 and s.
16
Suppose 17*o - 2*o = 375. Calculate the greatest common divisor of 25 and o.
25
Let y(f) be the second derivative of 4*f**3/3 + 2*f. Let w be y(2). Suppose 4*h = -h + 640. What is the highest common factor of h and w?
16
Suppose -y - 3*y + 56 = 0. What is the highest common factor of 7 and y?
7
Let m be ((-135)/6)/(1/(-14)). Let j = 0 - -2. Suppose j*s + 70 = h, -2*s = 4*h - 3*s - m. Calculate the highest common divisor of h and 16.
16
Suppose 0 = -0*k - 3*k + 603. Let p be k/4 - (-4)/(-16). What is the greatest common divisor of p and 10?
10
Let d be (1 - 2)*(-1 - 2). Suppose u + d*u - 52 = 0. Let k(l) = l**3 + 3*l**2 + 5*l - 4. Let p be k(3). Calculate the greatest common divisor of p and u.
13
Let h be (6/(-4))/(6/(-108)). Suppose c - 18 = h. Calculate the greatest common divisor of c and 18.
9
Let x(n) = 7*n**2 + 6*n + 5. Let v be x(-5). Suppose v = 6*m - m. What is the highest common factor of 90 and m?
30
Suppose y = c + 2, 3*y + 2 = 5*c + 4. Let t(o) = 5*o**2 - 2*o + 2. Let f be t(c). Let z be (6/(-8))/((-1)/16). What is the greatest common factor of z and f?
6
Let p = 9 - 5. Let c = 130 - p. Let w = c - -39. Calculate the greatest common factor of w and 15.
15
Let w be (-2)/3 - 5/(-3). Suppose -2*c - 3*c = 10. Let k be (6/(-18))/(c/6). Calculate the highest common divisor of k and w.
1
Let x = -122 + 142. Calculate the greatest common divisor of 15 and x.
5
Let l = 10 - 2. Let s = l + -5. Suppose -5*v - 3*o - 1 = 0, -5*v + 7 = -5*o + 4*o. Calculate the highest common divisor of v and s.
1
Let i(x) = x**2 - 9*x + 10. Let n be i(8). Suppose 0 = -5*o + n*o + 252. What is the highest common divisor of o and 14?
14
Let w = -7 + 17. What is the greatest common factor of w and 20?
10
Suppose w + 0*w - 15 = 5*t, -4*w + 96 = -2*t. Calculate the greatest common factor of 175 and w.
25
Suppose 0 = -7*d + 15*d - 32. Let k(n) = 15*n**2 - n. Let h be k(-1). What is the highest common divisor of d and h?
4
Let k be (2/(-3))/((-2)/15). Let y(p) = -p**2 - 6*p + 5. Let c be y(-6). Let b = c - 0. What is the greatest common factor of k and b?
5
Let w be 1312/12 + 4/(-3). What is the highest common divisor of w and 12?
12
Let f(v) = -2*v - 10. Let q be -10 + 2 + (2 - 2). Let j be f(q). What is the greatest common divisor of 18 and j?
6
Let c(f) = f**3 - 17*f**2 + 13*f - 5. Let a be c(17). Calculate the greatest common divisor of 27 and a.
27
Let u(b) = -5 + 0*b - 2 + 5*b**2 + b**3 - 4*b. Let m be u(-5). What is the highest common divisor of 117 and m?
13
Let l = 45 - 10. Calculate the greatest common divisor of l and 7.
7
Let g(s) = 3*s**2 - s - 2. Let y be g(-2). Suppose 0*z - z = -243. Let p = z - 135. What is the highest common divisor of y and p?
12
Suppose d - 7 = 2*i - 81, -4*d = -2*i + 74. What is the greatest common divisor of i and 148?
37
Let x be (-405)/(-36) + (-3)/(-4). Let n = 161 - 113. What is the highest common factor of n and x?
12
Suppose 7*j - 84 = 3*j. Suppose 2*a = -2*h + 28, 4*h + 0*a - 3*a = j. What is the highest common divisor of 9 and h?
9
Let x = -7 + 18. Let t = x + -7. What is the highest common divisor of t and 12?
4
Suppose -v = -5*u - 22, -13 = -4*u - 29. What is the greatest common factor of v and 2?
2
Suppose -2*a + 6*a - 44 = 0. What is the greatest common divisor of a and 143?
11
Let q(i) = -15*i**3 + 1. Let h be q(-1). Let n = -6 + h. Calculate the highest common divisor of n and 90.
10
Let v(g) = -13*g - 1. Suppose 5*m - 3 = 3*y, -2*y = -5*m - 0 + 7. Suppose 3*d + y = -d. Let w be v(d). Calculate the greatest common divisor of 60 and w.
12
Let x(h) = -18*h + 2. Let u be x(-2). Let b(d) = -d**3 + 19. Let a be b(0). Calculate the highest common divisor of u and a.
19
Let b(l) = -l**3 - 9*l**2 - 7*l + 5. Let m be b(-7). Let d = 84 + m. Calculate the highest common factor of 8 and d.
8
Let h be 1206/27 - 2/3. What is the highest common factor of 11 and h?
11
Let v(r) = -r**2 - 10*r - 14. Let m be v(-6). Calculate the greatest common divisor of 40 and m.
10
Let b be -6*(-1 - (-3)/(-9)). Let p(n) = -8*n**3 - 3*n**2 - 3*n - 2. Let x be p(-2). What is the greatest common divisor of b and x?
8
Let n be 11*(2 - (-3)/(-3)). What is the highest common factor of n and 121?
11
Let c(h) = -h**3 - h**2 - h - 4. Let j be c(-4). Suppose 17 + 7 = 4*q. What is the greatest common divisor of q and j?
6
Suppose -4*o + 0*o + 180 = 3*p, -4*p = 5*o - 226. What is the greatest common factor of 14 and o?
14
Let h = -378 - 186. Let q be h/(-14) + 2/(-7). What is the highest common factor of 16 and q?
8
Let f be 22/2 - -2 - 2. Let z = -236 - -335. What is the greatest common factor of z and f?
11
Let h be (2/(-3))/(4/(-138)). Suppose 3*j - 10 - h = 0. What is the greatest common factor of j and 99?
11
Let s(x) = 2 + 6*x**2 - 3*x**2 + x**2 - 2*x. Let z be s(2). What is the greatest common divisor of 42 and z?
14
Let q be ((-2)/(-4))/((-1)/(-10)). Let d be 3 - -4*9/(-12). Let v be -10*1/(-2) + d. Calculate the highest common factor of q and v.
5
Suppose -l + 3*x + 26 = -2*x, 59 = 4*l - 5*x. What is the highest common divisor of 1 and l?
1
Let b be -3 - (-3)/6*94. What is the greatest common factor of b and 308?
44
Let v(z) = z**2 - 8*z - 6. Let d be v(9). Suppose -d*q = 2*q - 35. Calculate the highest common